{"id":1316,"date":"2017-10-16T04:10:26","date_gmt":"2017-10-16T04:10:26","guid":{"rendered":"http:\/\/ninzio.com\/amber\/?page_id=1316"},"modified":"2023-05-09T00:37:33","modified_gmt":"2023-05-09T00:37:33","slug":"about-us","status":"publish","type":"page","link":"https:\/\/vzsurgerycenter.com\/?page_id=1316","title":{"rendered":"Sobre el Medico"},"content":{"rendered":"<section class=\"wpb-content-wrapper\"><p>[vc_row][vc_column]\r\n\t<div class=\"ambersix-spacer clearfix\" data-desktop=\"60\" data-mobi=\"60\" data-smobi=\"60\"><\/div>[vc_row_inner][vc_column_inner width=&#8221;1\/2&#8243;]\r\n\t<div class=\"ambersix-spacer clearfix\" data-desktop=\"30\" data-mobi=\"30\" data-smobi=\"30\"><\/div><div class=\"ambersix-divider divider-left divider-solid\" style=\"width:140px;border-width:2px;border-top-color:#79d3d1;margin-bottom:33px;\"><\/div><div class=\"clearfix\"><\/div><div class=\"ambersix-content-box clearfix \" data-padding=\"0 30px 0 0\" data-mobipadding=\"0\" data-margin=\"\" data-mobimargin=\"\" >\r\n\t\t<div class=\"inner ctb-1631350257\" style=\"background-position:left top;background-repeat:no-repeat;\"  data-background=\"\">\r\n\t\t\t<div class=\"ambersix-headings clearfix  wow fadeInUp\" data-font=42 data-wow-duration=\"0.75s\" data-wow-delay=\"0s\" style=\"\"><h2 class=\"heading clearfix \" style=\"line-height:50px;margin-bottom:25px;font-size:42px;\">\r\n\t\tDr. Valent\u00edn Zamudio Trujillo\r\n\t<\/h2><p class=\"sub-heading clearfix\" style=\"font-style:normal;color:#222222;font-size:20px;line-height:24px;margin-bottom:30px;\">\r\n\t\tCirujano pl\u00e1stico, est\u00e9tico y reconstructivo post grado alta especialidad \u201cCirug\u00eda Mamaria\u201d\r\n\t<\/p><div class=\"extra-content clearfix\" style=\"\">\r\n\t\t<p style=\"color: #000;\"><strong style=\"color: #dcbb54;\">C\u00e9dula Profesional:<\/strong> 5231808<br \/>\n<strong style=\"color: #dcbb54;\">C\u00e9dula Especialidad: <\/strong>863054<\/p>\n<p style=\"color: #000;\">Certificados<br \/>\n<strong style=\"color: #dcbb54;\">CMCPER1713<\/strong><br \/>\n<strong style=\"color: #dcbb54;\">AMCPER1513<\/strong><\/p>\n<p style=\"color: #000;\">Posgrado de alta especialidad en Cirug\u00eda Mamaria Est\u00e9tica y Reconstructiva 2013 Hospital ABC Santa fe<\/p>\n<p style=\"color: #000;\"><strong style=\"color: #dcbb54;\">Fecha de egreso de la subespecialidad:<\/strong> 01 Marzo del 2013<br \/>\n<strong style=\"color: #dcbb54;\">Fecha de egreso de posgrado de alta especialidad:<\/strong> 01 de Diciembre 2013<\/p>\n\r\n\t<\/div><\/div>\r\n\t\t<\/div>\r\n\t<\/div>\r\n\t<div class=\"ambersix-spacer clearfix\" data-desktop=\"18\" data-mobi=\"18\" data-smobi=\"18\"><\/div>[\/vc_column_inner][vc_column_inner width=&#8221;1\/2&#8243;]<div class=\"ambersix-image-box clearfix style-1 \" style=\"\" >\r\n        <div class=\"item\">\r\n            <div class=\"inner\">\r\n                <div class=\"thumb\" style=\"\"><img loading=\"lazy\" decoding=\"async\" width=\"600\" height=\"600\" src=\"https:\/\/vzsurgerycenter.com\/wp-content\/uploads\/dr-zamudio.jpg?wsr\" class=\"attachment-full size-full\" alt=\"\" srcset=\"https:\/\/vzsurgerycenter.com\/wp-content\/uploads\/dr-zamudio.jpg 600w, https:\/\/vzsurgerycenter.com\/wp-content\/uploads\/dr-zamudio-550x550.jpg 550w, https:\/\/vzsurgerycenter.com\/wp-content\/uploads\/dr-zamudio-100x100.jpg 100w, https:\/\/vzsurgerycenter.com\/wp-content\/uploads\/dr-zamudio-150x150.jpg 150w, https:\/\/vzsurgerycenter.com\/wp-content\/uploads\/dr-zamudio-140x140.jpg 140w\" sizes=\"auto, (max-width: 600px) 100vw, 600px\" \/> <\/div>\r\n                <div class=\"text-wrap \" style=\"\">\r\n                    <div class=\"text-inner\"><h3 class=\"title\" style=\"\">\r\n            Autorizaci\u00f3n COFEPRIS 2330082002A00006\r\n        <\/h3>  <\/div>\r\n                <\/div>\r\n                \r\n            <\/div>\r\n        <\/div>\r\n    <\/div>[\/vc_column_inner][\/vc_row_inner]\r\n\t<div class=\"ambersix-spacer clearfix\" data-desktop=\"100\" data-mobi=\"80\" data-smobi=\"60\"><\/div>[\/vc_column][\/vc_row][vc_row content_align=&#8221;bottom&#8221; css=&#8221;.vc_custom_1568020763119{background-color: #fafafa !important;}&#8221;][vc_column width=&#8221;5\/12&#8243;]<div class=\"ambersix-simple-image \" data-reveal=\"true\" data-reveal-options='{\"direction\":\"lr\",\"bgcolor\":\"#dddddd\"}'>\r\n\t\t\t\t<figure style=\"border-radius:10px;overflow:hidden;\"><img decoding=\"async\" alt=\"image\" src=\"https:\/\/vzsurgerycenter.com\/wp-content\/uploads\/cv-dr-zamudio-1.jpg?wsr\" \/> <\/figure>\r\n\t\t\t<\/div>\r\n\t<div class=\"ambersix-spacer clearfix\" data-desktop=\"50\" data-mobi=\"50\" data-smobi=\"50\"><\/div>[\/vc_column][vc_column width=&#8221;7\/12&#8243;]\r\n\t<div class=\"ambersix-spacer clearfix\" data-desktop=\"100\" data-mobi=\"60\" data-smobi=\"60\"><\/div><div class=\"ambersix-single-heading clearfix  has-line wow fadeInUp\" style=\"margin-bottom:23px;\"><span class=\"inner\"><span class=\"line \" style=\"width:4px;height:28px;top:10px;background-color:#79d3d1;\"><\/span><span class=\"heading clearfix \" style=\"font-weight:600;color:#222222;font-size:38px;line-height:50px;letter-spacing:-0.25px;padding-left:30px;\">\r\n\t\t\u00c1reas de Inter\u00e9s\r\n\t<\/span><\/span><\/div><div class=\"ambersix-text clearfix  wow fadeInUp\" style=\"\"><p style=\"color: #000;\"><strong style=\"color: #dcbb54;\">Oncolog\u00eda mamaria:<\/strong> reconstrucci\u00f3n de pacientes post operadas de mastectom\u00eda por padecer c\u00e1ncer de mama, actualmente end\u00e9mico en nuestra poblaci\u00f3n.<\/p>\n<\/div>\r\n\t<div class=\"ambersix-spacer clearfix\" data-desktop=\"45\" data-mobi=\"20\" data-smobi=\"20\"><\/div><div class=\"ambersix-text clearfix  wow fadeInUp\" style=\"\"><p style=\"color: #000;\"><strong style=\"color: #dcbb54;\">Cirug\u00eda de mano:<\/strong> reconstrucci\u00f3n y reparaci\u00f3n de secuelas de accidentes, lesiones por proyectil de arma de fuego, quemaduras de mano, aplastamientos, amputaciones etc.<\/p>\n<\/div>\r\n\t<div class=\"ambersix-spacer clearfix\" data-desktop=\"45\" data-mobi=\"20\" data-smobi=\"20\"><\/div><div class=\"ambersix-text clearfix  wow fadeInUp\" style=\"\"><p style=\"color: #000;\"><strong style=\"color: #dcbb54;\">Cirug\u00eda de reconstrucci\u00f3n de extremidades:<\/strong>lesiones y avulsiones en tejidos blandos de muslo y piernas as\u00ed como reconstrucci\u00f3n y viabilidad de tejidos.<\/p>\n<\/div>\r\n\t<div class=\"ambersix-spacer clearfix\" data-desktop=\"45\" data-mobi=\"20\" data-smobi=\"20\"><\/div><div class=\"ambersix-text clearfix  wow fadeInUp\" style=\"\"><p style=\"color: #000;\"><strong style=\"color: #dcbb54;\">Cirug\u00eda de quemados:<\/strong> a trav\u00e9s de la cirug\u00eda se puede dar cobertura cut\u00e1nea funcional, temporal o definitiva a los pacientes quemados por diversas causas: quemaduras por fuego directo, electricidad, frio, deflagraci\u00f3n (explosiones).<\/p>\n<\/div>\r\n\t<div class=\"ambersix-spacer clearfix\" data-desktop=\"100\" data-mobi=\"60\" data-smobi=\"60\"><\/div>[\/vc_column][\/vc_row][vc_row][vc_column]\r\n\t<div class=\"ambersix-spacer clearfix\" data-desktop=\"96\" data-mobi=\"60\" data-smobi=\"60\"><\/div><div class=\"ambersix-single-heading clearfix  has-line wow fadeInUp\" style=\"margin-bottom:23px;\"><span class=\"inner\"><span class=\"line \" style=\"width:4px;height:28px;top:10px;background-color:#79d3d1;\"><\/span><span class=\"heading clearfix \" style=\"font-weight:600;color:#222222;font-size:38px;line-height:50px;letter-spacing:-0.25px;padding-left:30px;\">\r\n\t\tEducaci\u00f3n Acad\u00e9mica en medicina\r\n\t<\/span><\/span><\/div>[vc_row_inner][vc_column_inner width=&#8221;1\/3&#8243;]<div class=\"ambersix-single-heading clearfix  wow fadeInUp\" style=\"margin-bottom:14px;\"><span class=\"inner\"><span class=\"heading clearfix \" style=\"font-weight:600;color:#79d3d1;font-size:16px;letter-spacing:0.5px;\">\r\n\t\t2013\r\n\t<\/span><\/span><\/div><div class=\"ambersix-headings clearfix \" data-font=25 style=\"\"><h2 class=\"heading clearfix \" style=\"color:#000000;line-height:30px;margin-bottom:22px;font-size:25px;\">\r\n\t\tMiembro de la Asociaci\u00f3n Mexicana de Cirug\u00eda Pl\u00e1stica Reconstructiva Est\u00e9tica\r\n\t<\/h2><p class=\"sub-heading clearfix\" style=\"font-style:normal;color:#313131;\">\r\n\t\tN\u00famero 36402\r\n\t<\/p><\/div>[\/vc_column_inner][vc_column_inner width=&#8221;1\/3&#8243;]<div class=\"ambersix-single-heading clearfix  wow fadeInUp\" style=\"margin-bottom:14px;\"><span class=\"inner\"><span class=\"heading clearfix \" style=\"font-weight:600;color:#79d3d1;font-size:16px;letter-spacing:0.5px;\">\r\n\t\t2013 - 2014\r\n\t<\/span><\/span><\/div><div class=\"ambersix-headings clearfix \" data-font=25 style=\"\"><h2 class=\"heading clearfix \" style=\"color:#000000;line-height:30px;margin-bottom:22px;font-size:25px;\">\r\n\t\tCertificado por el consejo mexicano de cirug\u00eda pl\u00e1stica\r\n\t<\/h2><p class=\"sub-heading clearfix\" style=\"font-style:normal;color:#313131;\">\r\n\t\tFolio 1713 vigencia hasta junio 2018\r\n\t<\/p><\/div>[\/vc_column_inner][vc_column_inner width=&#8221;1\/3&#8243;]<div class=\"ambersix-single-heading clearfix  wow fadeInUp\" style=\"margin-bottom:14px;\"><span class=\"inner\"><span class=\"heading clearfix \" style=\"font-weight:600;color:#79d3d1;font-size:16px;letter-spacing:0.5px;\">\r\n\t\t2010 - 2013\r\n\t<\/span><\/span><\/div><div class=\"ambersix-headings clearfix \" data-font=25 style=\"\"><h2 class=\"heading clearfix \" style=\"color:#000000;line-height:30px;margin-bottom:22px;font-size:25px;\">\r\n\t\tPostgrado en Cirug\u00eda Pl\u00e1stica Reconstructiva y Est\u00e9tica\r\n\t<\/h2><p class=\"sub-heading clearfix\" style=\"font-style:normal;color:#313131;\">\r\n\t\tInstituto Mexicano del Seguro Social, Unidad M\u00e9dica de Alta especialidad \u201cDr. Victorio de la Fuente Narv\u00e1ez\u201d, Distrito Federal.<br \/>\n<b>Promedio General: 95<\/b>\r\n\t<\/p><\/div>[\/vc_column_inner][\/vc_row_inner][vc_row_inner][vc_column_inner width=&#8221;1\/3&#8243;]<div class=\"ambersix-single-heading clearfix  wow fadeInUp\" style=\"margin-bottom:14px;\"><span class=\"inner\"><span class=\"heading clearfix \" style=\"font-weight:600;color:#79d3d1;font-size:16px;letter-spacing:0.5px;\">\r\n\t\t2007 - 2010\r\n\t<\/span><\/span><\/div><div class=\"ambersix-headings clearfix \" data-font=25 style=\"\"><h2 class=\"heading clearfix \" style=\"color:#000000;line-height:30px;margin-bottom:22px;font-size:25px;\">\r\n\t\tPostgrado en Cirurgia General\r\n\t<\/h2><p class=\"sub-heading clearfix\" style=\"font-style:normal;color:#313131;\">\r\n\t\tInstituto Mexicano del Seguro Social, Unidad M\u00e9dica de Alta especialidad \u201cDr. Antonio Fraga Mouret\u201d, Distrito Federal.<br \/>\n<b> Promedio General: 90<\/b>\r\n\t<\/p><\/div>[\/vc_column_inner][vc_column_inner width=&#8221;1\/3&#8243;]<div class=\"ambersix-single-heading clearfix  wow fadeInUp\" style=\"margin-bottom:14px;\"><span class=\"inner\"><span class=\"heading clearfix \" style=\"font-weight:600;color:#79d3d1;font-size:16px;letter-spacing:0.5px;\">\r\n\t\t1999 \u2013 2004\r\n\t<\/span><\/span><\/div><div class=\"ambersix-headings clearfix \" data-font=25 style=\"\"><h2 class=\"heading clearfix \" style=\"color:#000000;line-height:30px;margin-bottom:22px;font-size:25px;\">\r\n\t\tLicenciatura de M\u00e9dico-Cirujano\r\n\t<\/h2><p class=\"sub-heading clearfix\" style=\"font-style:normal;color:#313131;\">\r\n\t\tUniversidad Veracruzana Facultad de medicina \u201cMiguel Alem\u00e1n Vald\u00e9s\u201d. Veracruz, Ver.<br \/>\n<b>Promedio General: 9.27 <\/b>\r\n\t<\/p><\/div>[\/vc_column_inner][vc_column_inner width=&#8221;1\/3&#8243;][\/vc_column_inner][\/vc_row_inner]\r\n\t<div class=\"ambersix-spacer clearfix\" data-desktop=\"96\" data-mobi=\"60\" data-smobi=\"60\"><\/div>[\/vc_column][\/vc_row]<\/p>\n<\/section>","protected":false},"excerpt":{"rendered":"<p>Vivamus sed tellus in ligula volutpat volutpat. Nulla facilisi. Quisque fermentum vel ipsum sit amet pretium. Suspendisse dui neque, luctus vitae consequat a, scelerisque sed nunc. Vestibulum et nisl lorem. Ut eget nibh nisl. Nullam auctor quam nisi, at interdum mi euismod et. Donec facilisis odio sed magna tincidunt fermentum vel ipsum sit amet pretium.<\/p>\n","protected":false},"author":1,"featured_media":0,"parent":0,"menu_order":0,"comment_status":"closed","ping_status":"closed","template":"","meta":{"footnotes":""},"class_list":["post-1316","page","type-page","status-publish","hentry"],"_links":{"self":[{"href":"https:\/\/vzsurgerycenter.com\/index.php?rest_route=\/wp\/v2\/pages\/1316","targetHints":{"allow":["GET"]}}],"collection":[{"href":"https:\/\/vzsurgerycenter.com\/index.php?rest_route=\/wp\/v2\/pages"}],"about":[{"href":"https:\/\/vzsurgerycenter.com\/index.php?rest_route=\/wp\/v2\/types\/page"}],"author":[{"embeddable":true,"href":"https:\/\/vzsurgerycenter.com\/index.php?rest_route=\/wp\/v2\/users\/1"}],"replies":[{"embeddable":true,"href":"https:\/\/vzsurgerycenter.com\/index.php?rest_route=%2Fwp%2Fv2%2Fcomments&post=1316"}],"version-history":[{"count":44,"href":"https:\/\/vzsurgerycenter.com\/index.php?rest_route=\/wp\/v2\/pages\/1316\/revisions"}],"predecessor-version":[{"id":12832,"href":"https:\/\/vzsurgerycenter.com\/index.php?rest_route=\/wp\/v2\/pages\/1316\/revisions\/12832"}],"wp:attachment":[{"href":"https:\/\/vzsurgerycenter.com\/index.php?rest_route=%2Fwp%2Fv2%2Fmedia&parent=1316"}],"curies":[{"name":"wp","href":"https:\/\/api.w.org\/{rel}","templated":true}]}}