{"id":12660,"date":"2023-03-24T07:11:49","date_gmt":"2023-03-24T07:11:49","guid":{"rendered":"https:\/\/vzsurgerycenter.com\/?post_type=product&#038;p=12660"},"modified":"2023-06-01T06:18:26","modified_gmt":"2023-06-01T06:18:26","slug":"lipo-de-papada","status":"publish","type":"product","link":"https:\/\/vzsurgerycenter.com\/?product=lipo-de-papada","title":{"rendered":"LIPOSUCCI\u00d3N DE PAPADA"},"content":{"rendered":"<h2>\u00bfEn qu\u00e9 consiste?<\/h2>\n<p>Consiste en lipoaspirar la grasa por medio de una peque\u00f1a incisi\u00f3n que se realiza en el ment\u00f3n que permite eliminar el tejido adiposo en exceso y definir el contorno del cuello y mand\u00edbula<\/p>\n<h2>Candidatos<\/h2>\n<p>\u25a0 IMC &lt;25<br \/>\n\u25a0 L\u00edmite de 45 a\u00f1os<br \/>\n\u25a0 Sin enfermedades<br \/>\n\u25a0 No consumo de tabaco<br \/>\n\u25a0 Personas cuyo contorno de la mand\u00edbula y cuello no est\u00e1 bien definido.<br \/>\n\u25a0 Personas con excesiva acumulaci\u00f3n de grasa en el \u00e1rea del cuello.<\/p>\n<h2>Anestesia<\/h2>\n<p>\u25a0 Anestesia local<br \/>\n\u25a0 Sedaci\u00f3n<\/p>\n","protected":false},"excerpt":{"rendered":"<p>La lipopapada es la cirug\u00eda de liposucci\u00f3n de tejido adiposo de la regi\u00f3n submentoniana, es decir, extrae la grasa localizada de la papada. Esta t\u00e9cnica quir\u00fargica es realizada frecuentemente cuando se presenta en dicha \u00e1rea un excesivo c\u00famulo de grasa.<\/p>\n","protected":false},"featured_media":12757,"template":"","meta":[],"product_brand":[],"product_cat":[15],"product_tag":[],"class_list":{"0":"post-12660","1":"product","2":"type-product","3":"status-publish","4":"has-post-thumbnail","6":"product_cat-uncategorized","8":"first","9":"instock","10":"shipping-taxable","11":"product-type-simple"},"_links":{"self":[{"href":"https:\/\/vzsurgerycenter.com\/index.php?rest_route=\/wp\/v2\/product\/12660","targetHints":{"allow":["GET"]}}],"collection":[{"href":"https:\/\/vzsurgerycenter.com\/index.php?rest_route=\/wp\/v2\/product"}],"about":[{"href":"https:\/\/vzsurgerycenter.com\/index.php?rest_route=\/wp\/v2\/types\/product"}],"wp:featuredmedia":[{"embeddable":true,"href":"https:\/\/vzsurgerycenter.com\/index.php?rest_route=\/wp\/v2\/media\/12757"}],"wp:attachment":[{"href":"https:\/\/vzsurgerycenter.com\/index.php?rest_route=%2Fwp%2Fv2%2Fmedia&parent=12660"}],"wp:term":[{"taxonomy":"product_brand","embeddable":true,"href":"https:\/\/vzsurgerycenter.com\/index.php?rest_route=%2Fwp%2Fv2%2Fproduct_brand&post=12660"},{"taxonomy":"product_cat","embeddable":true,"href":"https:\/\/vzsurgerycenter.com\/index.php?rest_route=%2Fwp%2Fv2%2Fproduct_cat&post=12660"},{"taxonomy":"product_tag","embeddable":true,"href":"https:\/\/vzsurgerycenter.com\/index.php?rest_route=%2Fwp%2Fv2%2Fproduct_tag&post=12660"}],"curies":[{"name":"wp","href":"https:\/\/api.w.org\/{rel}","templated":true}]}}