{"id":12663,"date":"2023-03-24T07:40:25","date_gmt":"2023-03-24T07:40:25","guid":{"rendered":"https:\/\/vzsurgerycenter.com\/?post_type=product&#038;p=12663"},"modified":"2023-06-01T07:15:29","modified_gmt":"2023-06-01T07:15:29","slug":"rinoplastia","status":"publish","type":"product","link":"https:\/\/vzsurgerycenter.com\/?product=rinoplastia","title":{"rendered":"RINOPLAST\u00cdA"},"content":{"rendered":"<h2>\u00bfEn qu\u00e9 consiste?<\/h2>\n<p>\u25a0 Consiste en corregir funcionalidad, est\u00e9tica o ambos aspectos de la nariz.<br \/>\n\u25a0 Por medio de una incisi\u00f3n en la parte inferior de la nariz se busca brindar armon\u00eda facial aumentando o reduciendo su tama\u00f1o, cambiando su angulaci\u00f3n o modificando la abertura de los orificios nasales.<\/p>\n<h2>Candidatos<\/h2>\n<p>\u25a0 Tabique nasal desviado (septum nasal desviado por trastornos de crecimientos f\u00e1ciles, traumatismos, golpes)<br \/>\n\u25a0 Deformidad del perfil nasal<br \/>\n\u25a0 Inconformidad est\u00e9tica<\/p>\n<h2>Recuperaci\u00f3nv<\/h2>\n<p>\u25a0 Aproximadamente 15 d\u00edas<\/p>\n","protected":false},"excerpt":{"rendered":"<p>La cirug\u00eda de la nariz (rinoplastia) es una operaci\u00f3n utilizada para producir cambios en el aspecto, estructura y funci\u00f3n de la nariz. La rinoplastia puede reducir o aumentar el tama\u00f1o de la nariz, cambiar la forma de la punta, regularizar el dorso, estrechar la anchura de las alas, o cambiar el \u00e1ngulo entre la nariz y el labio superior.<\/p>\n","protected":false},"featured_media":12825,"template":"","meta":[],"product_brand":[],"product_cat":[15],"product_tag":[],"class_list":{"0":"post-12663","1":"product","2":"type-product","3":"status-publish","4":"has-post-thumbnail","6":"product_cat-uncategorized","8":"first","9":"instock","10":"shipping-taxable","11":"product-type-simple"},"_links":{"self":[{"href":"https:\/\/vzsurgerycenter.com\/index.php?rest_route=\/wp\/v2\/product\/12663","targetHints":{"allow":["GET"]}}],"collection":[{"href":"https:\/\/vzsurgerycenter.com\/index.php?rest_route=\/wp\/v2\/product"}],"about":[{"href":"https:\/\/vzsurgerycenter.com\/index.php?rest_route=\/wp\/v2\/types\/product"}],"wp:featuredmedia":[{"embeddable":true,"href":"https:\/\/vzsurgerycenter.com\/index.php?rest_route=\/wp\/v2\/media\/12825"}],"wp:attachment":[{"href":"https:\/\/vzsurgerycenter.com\/index.php?rest_route=%2Fwp%2Fv2%2Fmedia&parent=12663"}],"wp:term":[{"taxonomy":"product_brand","embeddable":true,"href":"https:\/\/vzsurgerycenter.com\/index.php?rest_route=%2Fwp%2Fv2%2Fproduct_brand&post=12663"},{"taxonomy":"product_cat","embeddable":true,"href":"https:\/\/vzsurgerycenter.com\/index.php?rest_route=%2Fwp%2Fv2%2Fproduct_cat&post=12663"},{"taxonomy":"product_tag","embeddable":true,"href":"https:\/\/vzsurgerycenter.com\/index.php?rest_route=%2Fwp%2Fv2%2Fproduct_tag&post=12663"}],"curies":[{"name":"wp","href":"https:\/\/api.w.org\/{rel}","templated":true}]}}