{"id":12840,"date":"2023-06-01T05:59:06","date_gmt":"2023-06-01T05:59:06","guid":{"rendered":"https:\/\/vzsurgerycenter.com\/?post_type=product&#038;p=12840"},"modified":"2023-06-01T06:06:48","modified_gmt":"2023-06-01T06:06:48","slug":"bichectomia","status":"publish","type":"product","link":"https:\/\/vzsurgerycenter.com\/?product=bichectomia","title":{"rendered":"BICHECTOM\u00cdA"},"content":{"rendered":"","protected":false},"excerpt":{"rendered":"<p>La bichectom\u00eda es una intervenci\u00f3n quir\u00fargica que consiste en la\u00a0extracci\u00f3n de las bolas o bolsas de Bichat.Las bolas de Bichat son solo grasa, no gl\u00e1ndulas. Por eso su extirpaci\u00f3n es una intervenci\u00f3n relativamente r\u00e1pida y sencilla.<\/p>\n","protected":false},"featured_media":12841,"template":"","meta":[],"product_brand":[],"product_cat":[15],"product_tag":[],"class_list":{"0":"post-12840","1":"product","2":"type-product","3":"status-publish","4":"has-post-thumbnail","6":"product_cat-uncategorized","8":"first","9":"instock","10":"shipping-taxable","11":"product-type-simple"},"_links":{"self":[{"href":"https:\/\/vzsurgerycenter.com\/index.php?rest_route=\/wp\/v2\/product\/12840","targetHints":{"allow":["GET"]}}],"collection":[{"href":"https:\/\/vzsurgerycenter.com\/index.php?rest_route=\/wp\/v2\/product"}],"about":[{"href":"https:\/\/vzsurgerycenter.com\/index.php?rest_route=\/wp\/v2\/types\/product"}],"wp:featuredmedia":[{"embeddable":true,"href":"https:\/\/vzsurgerycenter.com\/index.php?rest_route=\/wp\/v2\/media\/12841"}],"wp:attachment":[{"href":"https:\/\/vzsurgerycenter.com\/index.php?rest_route=%2Fwp%2Fv2%2Fmedia&parent=12840"}],"wp:term":[{"taxonomy":"product_brand","embeddable":true,"href":"https:\/\/vzsurgerycenter.com\/index.php?rest_route=%2Fwp%2Fv2%2Fproduct_brand&post=12840"},{"taxonomy":"product_cat","embeddable":true,"href":"https:\/\/vzsurgerycenter.com\/index.php?rest_route=%2Fwp%2Fv2%2Fproduct_cat&post=12840"},{"taxonomy":"product_tag","embeddable":true,"href":"https:\/\/vzsurgerycenter.com\/index.php?rest_route=%2Fwp%2Fv2%2Fproduct_tag&post=12840"}],"curies":[{"name":"wp","href":"https:\/\/api.w.org\/{rel}","templated":true}]}}