{"id":12844,"date":"2023-06-01T06:16:50","date_gmt":"2023-06-01T06:16:50","guid":{"rendered":"https:\/\/vzsurgerycenter.com\/?post_type=product&#038;p=12844"},"modified":"2023-06-01T06:16:50","modified_gmt":"2023-06-01T06:16:50","slug":"retiro-de-costillas","status":"publish","type":"product","link":"https:\/\/vzsurgerycenter.com\/?product=retiro-de-costillas","title":{"rendered":"RETIRO DE COSTILLAS"},"content":{"rendered":"","protected":false},"excerpt":{"rendered":"<p>Las llamadas costillas flotantes son los dos \u00faltimos pares de costillas que encontramos en la caja tor\u00e1cica. Su nombre tiene que ver con el hecho de que nacen de las v\u00e9rtebras tor\u00e1cicas y no est\u00e1n ancladas al estern\u00f3n como el resto.<\/p>\n<p>La extracci\u00f3n de costillas flotantes es una intervenci\u00f3n muy invasiva que se realiza bajo anestesia y que conlleva un postoperatorio largo y no exento de dolor. Suele realizarse para mejorar el contorno corporal de aquellas personas que consideran que no tienen una cintura muy marcada. Es especialmente evidente en aquellas pacientes que tienen un tronco corto. Dependiendo de lo que estime oportuno el especialista, pueden extraerse una o varias costillas flotantes.<\/p>\n","protected":false},"featured_media":12845,"template":"","meta":[],"product_brand":[],"product_cat":[15],"product_tag":[],"class_list":{"0":"post-12844","1":"product","2":"type-product","3":"status-publish","4":"has-post-thumbnail","6":"product_cat-uncategorized","8":"first","9":"instock","10":"shipping-taxable","11":"product-type-simple"},"_links":{"self":[{"href":"https:\/\/vzsurgerycenter.com\/index.php?rest_route=\/wp\/v2\/product\/12844","targetHints":{"allow":["GET"]}}],"collection":[{"href":"https:\/\/vzsurgerycenter.com\/index.php?rest_route=\/wp\/v2\/product"}],"about":[{"href":"https:\/\/vzsurgerycenter.com\/index.php?rest_route=\/wp\/v2\/types\/product"}],"wp:featuredmedia":[{"embeddable":true,"href":"https:\/\/vzsurgerycenter.com\/index.php?rest_route=\/wp\/v2\/media\/12845"}],"wp:attachment":[{"href":"https:\/\/vzsurgerycenter.com\/index.php?rest_route=%2Fwp%2Fv2%2Fmedia&parent=12844"}],"wp:term":[{"taxonomy":"product_brand","embeddable":true,"href":"https:\/\/vzsurgerycenter.com\/index.php?rest_route=%2Fwp%2Fv2%2Fproduct_brand&post=12844"},{"taxonomy":"product_cat","embeddable":true,"href":"https:\/\/vzsurgerycenter.com\/index.php?rest_route=%2Fwp%2Fv2%2Fproduct_cat&post=12844"},{"taxonomy":"product_tag","embeddable":true,"href":"https:\/\/vzsurgerycenter.com\/index.php?rest_route=%2Fwp%2Fv2%2Fproduct_tag&post=12844"}],"curies":[{"name":"wp","href":"https:\/\/api.w.org\/{rel}","templated":true}]}}